he remainder when k is divided by m?
12
Suppose 0 = -3*r - a + 37, -3*r + a + 47 = -3*a. Calculate the remainder when ((-1790)/(-716))/((-1)/((-44)/5)) is divided by r.
9
Let c be ((-63)/(1 + -2))/1. Let t = c - 16. Let i = 15 - 3. What is the remainder when t is divided by i?
11
Suppose -4*b + 4*u = -156, -4*b - b = -2*u - 204. Let f(d) = -d - 14. Let j be f(6). Let k = j - -35. What is the remainder when b is divided by k?
12
Suppose 2*x = -3*j + 185, j - x - 73 = 4*x. What is the remainder when j is divided by 16?
15
Let p(g) = 5*g**2 - 1. Suppose -f = 5*c - 34 - 54, c = 3. Calculate the remainder when f is divided by p(-2).
16
Let a = -499 + 629. Calculate the remainder when a is divided by 46.
38
Let l = -7921 - -8144. What is the remainder when l is divided by 1/4 + (-358)/(-8)?
43
Suppose -b = -46 - 2. Let m = b - 30. Suppose 126 = 2*p - 14. What is the remainder when p is divided by m?
16
Suppose 33*d - 11790 = -12*d. What is the remainder when d is divided by 107?
48
Suppose 101 = 2*x + n, 0*x - 199 = -4*x - 3*n. Calculate the remainder when 103 is divided by x.
51
Suppose 32*t - 23011 + 2563 = 0. What is the remainder when t is divided by 14?
9
Let g = 112 + 26. What is the remainder when g is divided by 20?
18
Let n(v) = -v**3 + 3*v**2 + 2*v + 2. Let o be n(4). Let r = o - -34. Let a(c) = -9*c - 26. Calculate the remainder when r is divided by a(-4).
8
What is the remainder when 1305/(-174)*40/(-3) is divided by 51?
49
Let n(q) = q + 16. Let u be n(-3). Let c = 13 + u. What is the remainder when 51 is divided by c?
25
Suppose -3*t + 15 = -l, t = -3*t + l + 19. Suppose -t*q - 4*u + 600 = -6*u, -4*u - 288 = -2*q. Calculate the remainder when q is divided by 31.
28
Suppose 0 = -4*z + 3*z + 8. Suppose 4*d - 5*h + 26 - 84 = 0, d + 2*h = z. Let n(v) = v**3 - 11*v**2 - 9*v - 5. What is the remainder when 59 is divided by n(d)?
28
Suppose 0 = 2*p - 6*p + 8. Suppose p*m + 28 = 6*m. Let j = -27 - -53. Calculate the remainder when j is divided by m.
5
Let s(q) = -q**3 + 6*q**2 + 3*q. Let n be s(7). What is the remainder when 14/n - 23/(-2) is divided by 3?
2
Suppose 2*a - 330 + 248 = 0. Calculate the remainder when 258 is divided by a.
12
Let u(j) = j**2 + 4*j - 6. Suppose -2*d - 2*d = -56. What is the remainder when u(4) is divided by d?
12
Let p(c) = -c**3 + 3*c**2 + 28*c + 7. Calculate the remainder when 58 is divided by p(-4).
2
Suppose -4*m = -4*z - 248, -4*m - 4*z = -m - 172. Let f = m + -34. Calculate the remainder when 75 is divided by f.
23
Let w(r) = -r**3 + 8*r**2 - 9*r + 14. Let c be w(7). Let l(a) = 3*a**3 - 2*a**2 + 2*a - 3. What is the remainder when l(2) is divided by 1 - (c - -9)/(-3)?
1
Suppose 45*c = 44*c + 87. What is the remainder when c is divided by 11?
10
Let x = 70 + -67. Suppose -x*z + 4 - 93 = -4*w, 0 = -4*w + 2*z + 94. What is the remainder when w is divided by 6?
2
Let j(w) = 3*w**2 - 6*w - 2. Let p(k) = 2*k**2 - 5*k + 5. Let d be p(4). Let c = d + -12. What is the remainder when j(c) is divided by 15?
13
Suppose 5*m + 5*l - 45 - 10 = 0, -5*l = 2*m - 28. What is the remainder when (m/(-18))/((-2)/532) is divided by 34?
31
Let y = -2 + 2. Suppose 3*x = -y*x + 84. Calculate the remainder when (-1)/((-1)/x) + -1 is divided by 7.
6
Suppose 4 + 8 = 3*w. Suppose 5*v = -3*g + 4, 2*v - w = -g - v. Let l(d) = -11*d - 1. Calculate the remainder when l(g) is divided by 8.
5
Suppose 0 = -3*f - 4 + 1. Let z = f + 27. What is the remainder when 49 is divided by z?
23
Let y be 4 - (1 + (-3 - -5)). Calculate the remainder when 102 is divided by (32 - -5) + -2*y.
32
Let h be ((-112)/(-5))/(7/(-35)). Let u = h - -143. Suppose 5*y - 217 - 398 = 0. Calculate the remainder when y is divided by u.
30
Suppose -25*q + 201 = -324. Calculate the remainder when 627 is divided by q.
18
Let o = 335 - 189. What is the remainder when 294 is divided by o?
2
Let b(d) = d**2 - 43*d - 643. What is the remainder when b(56) is divided by 25?
10
Let w = 21 + -16. Let k(h) = h**2 - 6*h + 6. Let z be k(w). What is the remainder when (0 - z)/((-5)/205) is divided by 11?
8
Let h(y) = 2*y + 11. Calculate the remainder when 233 is divided by h(18).
45
Suppose 19 = 4*w + 11. Suppose 4*z + 83 = -x + 2*x, z = -w*x + 175. What is the remainder when x is divided by 11?
10
Let q = 48 + -19. Let n = 1702 - 1691. Let m = q - n. Calculate the remainder when m is divided by 7.
4
Let s(p) = 431*p - 354. Calculate the remainder when s(5) is divided by 17.
16
Suppose x = 4*s + 10, 3*x + 50 = -2*x - 5*s. Calculate the remainder when 109 is divided by 25 - x*(-2)/(-4).
25
Suppose 13*v + 46 = 7. Let y = 6 + v. Calculate the remainder when 4 is divided by y.
1
Suppose 445 = 3*p + 2*p - 5*x, -2*p + x = -181. Suppose -5*g + 28 = -p. Suppose -w = 3, 3*c + 0*w = 4*w + g. What is the remainder when 11 is divided by c?
3
Suppose 0 = 86*y + 2729 - 15801. Calculate the remainder when y is divided by 27.
17
Let j(z) = 2*z**3 + 3*z - 2 + 2*z**3 + 8*z**2 - 3*z**3 - 12*z. Let o be j(-7). Suppose 9*q = 4*q + o. What is the remainder when 43 is divided by q?
21
Let c(h) = 5*h**2 - 6*h + 40. Let b be c(4). Let z = -93 + b. What is the remainder when z is divided by 3?
0
Let d(o) = -3*o**3 - 12*o**2 + 20*o + 1. Let l(t) = t**3 + t**2 - t + 1. Let f(v) = d(v) + 2*l(v). Calculate the remainder when f(-12) is divided by 26.
23
Let v(r) = -2*r - 11. Let i(a) = 14*a + 3. Let c be i(3). Suppose -4*q - c = -3*t, -21 = 2*q - 3*t + 6. Calculate the remainder when 19 is divided by v(q).
5
What is the remainder when (6/(-4))/(0 - 15/980) is divided by 24?
2
Suppose -14*x = -x - 221. What is the remainder when ((-144)/3)/(3/(-2)) is divided by x?
15
Let w be (-4)/1 - (-3 + -1). Suppose -30 = -4*y + 3*y + 3*l, w = 3*y + 2*l - 35. Calculate the remainder when 88 is divided by y.
13
Suppose -4*l + 296 = s, -7*l = s - 2*l - 297. What is the remainder when s is divided by 14?
12
Let k(d) = d + 19. Let g = 7 + -7. Let j = 15 - g. What is the remainder when j is divided by k(-10)?
6
Let a = 13 + -17. Let t be (48/(-60))/(a/70). Let p = -5 + t. What is the remainder when 24 is divided by p?
6
Let v = -29 + 31. Suppose -v*q = -4*m - 196, 0*m + 408 = 4*q - 4*m. Calculate the remainder when q is divided by 36.
34
Let w(z) = 45*z + 1. Let r be w(5). Let v = r + -160. Suppose 119 + 134 = 11*a. Calculate the remainder when v is divided by a.
20
Let l be 3 - (-5)/(10/6). Let i be 2/l - 15/(-9). Suppose -m = i*m + 5*x - 8, -5*x - 34 = -4*m. What is the remainder when 9 is divided by m?
3
Let v(q) = -6*q**3 - 40*q**2 + 9*q + 4. What is the remainder when 349 is divided by v(-7)?
37
What is the remainder when 101 is divided by (-1)/5 - ((-784)/20 - -4)?
31
Suppose -4*g + 225 + 71 = 0. Suppose g = -4*q + 146. What is the remainder when q is divided by 2?
0
Suppose 3*w + 100 = 8*w. Suppose c - 15 = 9*v - 12*v, 5*v - 27 = -2*c. What is the remainder when w is divided by c?
2
Let u be (-76)/(-13) - (-4)/26. Suppose q - u = 7. Let d = -5 + q. What is the remainder when 15 is divided by d?
7
Calculate the remainder when 71 is divided by (-14 - -18)/(2 + 9/(-6)).
7
Suppose -328 - 5180 = -12*b. What is the remainder when b is divided by 11?
8
Let p(n) = n**3 - 28*n**2 + 5*n - 74. Calculate the remainder when p(28) is divided by 39.
27
Suppose -12 = -5*y + 2*y. Let c be 16/5*(-5)/(-2). Suppose 4*x - c = 28. Calculate the remainder when x is divided by y.
1
Calculate the remainder when 277 is divided by (165/(-66))/(1/(-16)).
37
Suppose 46*s - 29*s = 1445. Calculate the remainder when s is divided by 29.
27
Suppose -4*q - 5*y - 10 = -q, -4*q + 15 = y. Calculate the remainder when 86 is divided by q.
1
Suppose 3*v - 3*p - 33 = 0, -5*p + 6*p + 44 = 4*v. Calculate the remainder when v is divided by 6.
5
Let n(o) = o**2 - 10*o + 3. Let x be n(10). Suppose x*a - 5*a - 154 = -2*k, 8 = -4*a. What is the remainder when k is divided by 39?
36
Let y = -71 + 104. Let b = 1581 - 1562. What is the remainder when y is divided by b?
14
Let o = 591 + -567. Calculate the remainder when 141 is divided by o.
21
Let j be 0/(4/4*1). Suppose g = -j*g + 2*u + 1, 2*u = 4*g - 16. What is the remainder when 8 is divided by g?
3
Let a(v) = -9*v**2 + 6*v**2 + v - v**3 - 4*v + 1 + 0*v**3. What is the remainder when 9 is divided by a(-2)?
0
What is the r